) = c**3 - 17*c**2 - 34*c - 59. Calculate i(19).
17
Let q(h) = 2*h**2 - 123*h - 320. Calculate q(64).
0
Let i(y) = y**2 + 3701*y + 47945. Give i(-13).
1
Let a(p) = p**2 - 53*p - 56. Calculate a(52).
-108
Let w(o) = -o**3 + o**2 + 16*o - 31. Calculate w(-4).
-15
Let y(v) = 14*v + 655. Give y(-46).
11
Let d(x) = 2*x**2 + 85*x - 5. Calculate d(0).
-5
Let u(c) = -13*c**2 + 1023*c - 4108. What is u(4)?
-224
Let x(g) = -g**2 + 16*g + 24. Calculate x(10).
84
Let o(k) = k**3 + 11*k**2 - 429*k + 59. Calculate o(-27).
-22
Let y(a) = -a**3 - 37*a**2 + 37*a + 60. Calculate y(-38).
98
Let l(a) = -3*a**3 + 41*a**2 - 15*a + 24. What is l(13)?
167
Let v(m) = 5*m**3 - 436*m**2 + 1664*m + 1. Give v(4).
1
Let w(g) = -29*g - 3073. What is w(-106)?
1
Let b(t) = -t**2 - 1811*t + 14568. What is b(8)?
16
Let n(o) = -o**3 + 2*o - 1. Calculate n(0).
-1
Let j(m) = -m**3 - 25*m**2 + 18*m + 3. Give j(-26).
211
Let p(f) = -2*f**3 - 208*f**2 + 16*f + 1891. Determine p(-104).
227
Let o(l) = -l**2 + 1123*l - 57717. Calculate o(54).
9
Let d(b) = -302*b + 3342. Determine d(11).
20
Let o(z) = -2*z**2 - 89*z - 213. Calculate o(-42).
-3
Let y(k) = k**3 - 40*k**2 - 6*k + 232. Calculate y(40).
-8
Let q(n) = 4*n**2 - 69*n + 15. Calculate q(13).
-206
Let a(t) = -t**3 + 5*t**2 + 17*t + 23. Calculate a(6).
89
Let a(l) = 15*l - 1334. Give a(88).
-14
Let b(f) = f**2 - 83*f + 1657. What is b(49)?
-9
Let k(r) = 85*r + 1613. Determine k(-19).
-2
Let b(a) = a**2 - 202*a + 787. Calculate b(4).
-5
Let b(h) = 3*h**2 - 9*h - 21. Give b(11).
243
Let y(t) = 4*t**2 + 20*t - 43. Calculate y(2).
13
Let k(v) = 2*v**2 + 30*v + 66. Determine k(-14).
38
Let g(o) = o**3 - 17*o**2 - 42*o - 27. What is g(19)?
-103
Let j(n) = n**3 - 431*n**2 + 3797*n. Determine j(9).
-9
Let c(t) = t**2 + 47*t - 245. Determine c(-52).
15
Let b(u) = -6*u + 299. Calculate b(40).
59
Let z(v) = -v**2 - 67*v - 848. Calculate z(-17).
2
Let l(k) = -53*k - 166. Give l(-3).
-7
Let w(m) = -m**3 - 3*m**2 + 11*m - 6. Determine w(-7).
113
Let l(j) = -68*j + 77. What is l(1)?
9
Let v(z) = 7*z**2 - 70*z - 44. Determine v(14).
348
Let d(t) = 647*t + 652. Calculate d(-1).
5
Let k(n) = -n**3 + 25*n**2 + 26*n + 62. Determine k(26).
62
Let y(g) = 14*g**2 - 816*g + 273. What is y(58)?
41
Let f(x) = -24*x + 285. Determine f(6).
141
Let r(o) = -25*o**2 + 3*o + 2. Determine r(-3).
-232
Let b(r) = -r**2 - 15*r - 40. What is b(-15)?
-40
Let m(a) = -147*a + 54688. Calculate m(372).
4
Let g(j) = -14*j + 134. What is g(4)?
78
Let q(m) = m**3 - 20*m**2 - 131*m + 1412. Calculate q(23).
-14
Let x(b) = -301*b - 3. Determine x(-1).
298
Let b(r) = -r + 155. What is b(-13)?
168
Let z(f) = -f**2 + 13*f + 32. What is z(0)?
32
Let i(k) = 4*k**3 + 51*k**2 - 360*k + 2. Calculate i(5).
-23
Let i(q) = -4*q**2 - q + 50. Calculate i(-8).
-198
Let k(y) = -7*y**2 - 42*y - 121. Give k(-12).
-625
Let y(o) = o**3 - 10*o**2 + 9*o - 46. Calculate y(9).
-46
Let c(u) = u**2 - 48*u - 110. Determine c(-2).
-10
Let m(p) = 252*p - 1774. What is m(7)?
-10
Let r(q) = 89*q**2 + 704*q + 11. Give r(-8).
75
Let x(t) = 3*t**3 + 28*t**2 - 38*t + 18. Give x(-12).
-678
Let d(m) = 9*m - 82. What is d(-4)?
-118
Let h(q) = -q**2 + 176*q - 511. What is h(3)?
8
Let m(n) = -n**3 + 56*n**2 - 63*n + 17. Calculate m(55).
-423
Let i(t) = -272*t + 3222. Give i(12).
-42
Let c(h) = -h**3 + 16*h**2 + 29*h + 67. Calculate c(18).
-59
Let o(z) = 88*z - 34. Give o(-2).
-210
Let v(j) = 525*j - 2629. Determine v(5).
-4
Let f(y) = -y**3 - 6*y**2 + 25*y + 5. Determine f(-9).
23
Let j(l) = l**2 - 14*l - 430. Give j(28).
-38
Let w(o) = o**3 + 18*o**2 - 18*o - 56. Calculate w(-17).
539
Let p(n) = -10*n**3 + 218*n**2 + 41*n + 77. What is p(22)?
11
Let n(b) = -b**3 + 11*b**2 - 15*b - 7. Determine n(9).
20
Let i(s) = -3*s**2 - 107*s - 201. What is i(-32)?
151
Let a(k) = 424*k - 8910. Calculate a(21).
-6
Let i(u) = u**3 + 79*u**2 + 165*u + 868. What is i(-77)?
21
Let n(y) = -296*y - 1777. Determine n(-6).
-1
Let r(n) = -2766*n - 16586. Give r(-6).
10
Let l(f) = -f**2 + 2*f - 30. Calculate l(13).
-173
Let r(l) = l - 27. What is r(-9)?
-36
Let m(v) = 4*v**3 - 45*v**2 + 118*v - 1173. Determine m(11).
4
Let t(l) = -l**3 + 11*l**2 - 5*l - 24. Give t(11).
-79
Let r(j) = 192*j - 4782. What is r(25)?
18
Let j(a) = 10*a**2 - 113*a + 81. Give j(12).
165
Let s(z) = 11*z + 212. Determine s(-19).
3
Let a(q) = q**3 + 61*q**2 - 566*q + 106. Determine a(8).
-6
Let c(q) = 172*q - 626. What is c(6)?
406
Let o(b) = -149*b - 257. Determine o(-2).
41
Let p(l) = -2*l**2 - 149*l - 318. Determine p(-73).
-99
Let m(s) = -33*s + 323. Give m(-1).
356
Let l(s) = -s**3 + 29*s**2 - 97*s + 1280. Calculate l(27).
119
Let j(s) = 2*s**3 + 15*s**2 + 16*s - 15. Determine j(-2).
-3
Let x(q) = -q**2 + 323*q - 26010. Calculate x(153).
0
Let v(k) = 339*k - 318. What is v(2)?
360
Let y(t) = t**3 + 53*t**2 - 417*t + 63. What is y(-60)?
-117
Let c(m) = -3*m**2 + 279*m + 280. What is c(-1)?
-2
Let a(u) = u**2 + 87*u + 635. Calculate a(-78).
-67
Let j(r) = -7*r - 25. Calculate j(13).
-116
Let v(n) = -n**3 - 103*n**2 + 320*n + 3. Give v(3).
9
Let p(k) = 354*k + 2833. Give p(-8).
1
Let b(r) = 10*r**2 + 50*r + 10. Determine b(-6).
70
Let j(p) = -21*p + 260. Determine j(0).
260
Let q(f) = 215*f - 635. Calculate q(3).
10
Let g(c) = -88*c - 294. Give g(-4).
58
Let n(p) = -10*p + 84. Determine n(-1).
94
Let y(d) = 2535*d + 17763. Determine y(-7).
18
Let y(v) = -84*v**2 + v + 7. Give y(-2).
-331
Let p(d) = 229*d - 2156. Determine p(10).
134
Let c(j) = j**3 - 94*j**2 + 137*j + 4346. Give c(92).
22
Let r(x) = 17*x - 730. Calculate r(19).
-407
Let r(u) = 15*u**2 + 83*u + 49. Determine r(-5).
9
Let v(h) = h**2 - 21*h + 16. What is v(3)?
-38
Let m(q) = -139*q + 14455. Give m(104).
-1
Let x(h) = 18*h**2 - 111*h - 223. Give x(-2).
71
Let t(y) = 2058*y - 6177. Calculate t(3).
-3
Let f(p) = p**3 + 68*p**2 + 3*p + 195. What is f(-68)?
-9
Let j(q) = 2*q**2 + 9*q - 19. What is j(-8)?
37
Let g(c) = c**3 - 5*c**2 - 29*c + 83. Determine g(7).
-22
Let z(k) = -4*k + 126. Determine z(5).
106
Let u(s) = -7*s**2 - 39*s + 12. Determine u(-8).
-124
Let g(z) = z**2 - 14*z + 43. What is g(6)?
-5
Let w(h) = h**3 + 2*h**2 - 4*h + 1. Give w(-3).
4
Let z(a) = -7*a**3 + 4*a**2 + 6*a - 9. Calculate z(1).
-6
Let h(w) = -1667*w + 60010. Give h(36).
-2
Let o(z) = z**2 - 68*z + 1149. Calculate o(33).
-6
Let i(c) = -33*c - 3232. Determine i(-98).
2
Let a(j) = 2*j**3 + 52*j**2 - 177*j - 89. Calculate a(-29).
-2
Let b(c) = 1005*c - 30124. Determine b(30).
26
Let b(c) = 42*c + 3171. What is b(-76)?
-21
Let i(f) = f**3 + 4*f**2 + 3*f + 8. What is i(-2)?
10
Let c(a) = 15*a + 41. Determine c(5).
116
Let z(k) = -k**3 + 17*k**2 + 352*k - 119. Give z(29).
-3
Let a(o) = 3*o**3 - 105*o**2 - 9*o + 104. Give a(35).
-211
Let v(z) = 3*z**2 - 60*z + 73. Give v(23).
280
Let k(u) = 15*u**2 + 133*u - 10. Determine k(-9).
8
Let r(o) = -19*o + 2416. Determine r(128).
-16
Let w(c) = c**2 + 24*c - 8. Calculate w(-24).
-8
Let f(r) = -2*r**3 - 3*r**2 + 6*r - 8. What is f(-4)?
48
Let q(c) = c**3 - 11*c**2 - 62*c + 28. Calculate q(15).
-2
Let d(t) = 4*t**2 + 55*t - 736. Determine d(12).
500
Let h(k) = -288*k + 2278. What is h(8)?
-26
Let o(p) = 4*p**3 - 27*p**2 + 22*p + 6. Calculate o(6).
30
Let u(b) = b**3 + 52*b**2 + 242*b + 287. Determine u(-47).
-42
Let p(d) = 2*d**3 + 3*d**2 - 7*d - 17. Determine p(0).
-17
Let l(i) = i**3 - 8*i**2 + 18*i + 16. Calculate l(6).
52
Let f(p) = 2*p**2 + 2413*p + 88812. Determine f(-38).
6
Let d(p) = 7*p**2 - 236*p + 165. Calculate d(33).
0
Let y(u) = -8*u**2 - 65*u + 308. Give y(5).
-217
Let l(m) = 2*m**3 - 41*m**2 - 28*m + 108. Give l(21).
-39
Let c(s) = -2*s**3 - 59*s**2 - 11*s - 1238. Determine c(-30).
-8
Let r(b) = b**2 + 44*b - 4114. Calculate r(-91).
163
Let f(z) = -2*z**2 - 116*z + 1816. Determine f(-71).
-30
Let c(w) = w**3 + 12*w**2 - 33*w - 21. Give c(-13).
239
Let c(m) = 30*m - 340. Give c(10).
-40
Let u(h) = 57*h - 485. Determine u(9).
28
Let m(l) = -143*l - 1440. Determine m(-10).
-10
Let f(h) = h**2 + 37*h - 54. What is f(-16)?
-390
Let p(g) = -2*g**3 - 93*g**2 + 48*g + 19. Give p(-47).
-28
Let k(r) = r**2 - 925*r - 43657. Calculate k(-45).
-7
Let u(j) = -71*j + 500. Give u(6).
74
Let f(q) = q**3 - 50*q**2 + 45*q + 202. Give f(49).
6
Let s(n) = n**3 + 6*n**2 + 5*n - 44. Determine s(